{"id":7147,"date":"2024-01-30T16:16:51","date_gmt":"2024-01-30T15:16:51","guid":{"rendered":"https:\/\/muvhaz.orlaihaz.mezobereny.hu\/?page_id=7147"},"modified":"2024-09-18T10:32:26","modified_gmt":"2024-09-18T08:32:26","slug":"rolunk","status":"publish","type":"page","link":"https:\/\/muvhaz.orlaihaz.mezobereny.hu\/?page_id=7147","title":{"rendered":"R\u00f3lunk"},"content":{"rendered":"\t\t<div data-elementor-type=\"wp-page\" data-elementor-id=\"7147\" class=\"elementor elementor-7147\">\n\t\t\t\t<div class=\"elementor-element elementor-element-cb0491f e-flex e-con-boxed e-con e-parent\" data-id=\"cb0491f\" data-element_type=\"container\">\n\t\t\t\t\t<div class=\"e-con-inner\">\n\t\t<div class=\"elementor-element elementor-element-14b7bb2 e-con-full e-flex e-con e-child\" data-id=\"14b7bb2\" data-element_type=\"container\">\n\t\t\t\t<div class=\"elementor-element elementor-element-0fffdb8 elementor-widget elementor-widget-text-editor\" data-id=\"0fffdb8\" data-element_type=\"widget\" data-widget_type=\"text-editor.default\">\n\t\t\t\t<div class=\"elementor-widget-container\">\n\t\t\t\t\t\t\t<p style=\"text-align: right;\">Az Orlai Petrics Soma K\u00f6nyvt\u00e1r, Muze\u00e1lis Gy\u0171jtem\u00e9ny \u00e9s M\u0171vel\u0151d\u00e9si K\u00f6zpont t\u00f6bbfunkci\u00f3s, k\u00f6z\u00f6s ir\u00e1ny\u00edt\u00e1s\u00fa (komplex, \u00f6sszetett feladatrendszer\u0171) kultur\u00e1lis int\u00e9zm\u00e9ny. Az Orlai h\u00e1z (hivatalos r\u00f6vid\u00edtett nev\u00e9n) munkat\u00e1rsai \u00f6t \u00e9p\u00fcletben v\u00e9gzik feladataikat.&nbsp;<br><span style=\"font-style: inherit; font-weight: inherit; background-color: var(--ast-global-color-4);\">Az int\u00e9zm\u00e9nyegys\u00e9gek a szakmai saj\u00e1toss\u00e1gok maxim\u00e1lis figyelembev\u00e9tele mellett, a t\u00e1rgyi, szem\u00e9lyi felt\u00e9telek legjobb kihaszn\u00e1l\u00e1s\u00e1ra t\u00f6rekedve, a tev\u00e9kenys\u00e9gek \u00f6sszehangolva v\u00e9gzik a munk\u00e1jukat az Alap\u00edt\u00f3 Okirat, a Szervezeti \u00e9s M\u0171k\u00f6d\u00e9si Szab\u00e1lyzat szerint, az int\u00e9zm\u00e9nyi strat\u00e9gia, az \u00e9ves munkaterv \u00e9s rendezv\u00e9nyterv alapj\u00e1n. Az int\u00e9zm\u00e9ny k\u00e9t \u00edzben is elnyerte a Min\u0151s\u00edtett K\u00f6zm\u0171vel\u0151d\u00e9si Int\u00e9zm\u00e9ny C\u00edmet.<\/span><\/p>\t\t\t\t\t\t<\/div>\n\t\t\t\t<\/div>\n\t\t\t\t<\/div>\n\t\t<div class=\"elementor-element elementor-element-6d1963f e-con-full e-flex e-con e-child\" data-id=\"6d1963f\" data-element_type=\"container\">\n\t\t\t\t<div class=\"elementor-element elementor-element-d2f9f48 elementor-widget elementor-widget-image\" data-id=\"d2f9f48\" data-element_type=\"widget\" data-widget_type=\"image.default\">\n\t\t\t\t<div class=\"elementor-widget-container\">\n\t\t\t\t\t\t\t\t\t\t\t\t\t<img fetchpriority=\"high\" decoding=\"async\" width=\"1024\" height=\"769\" src=\"https:\/\/muvhaz.orlaihaz.mezobereny.hu\/wp-content\/uploads\/sites\/2\/2024\/06\/IMG_20230918_190139-edited-1024x769.jpg\" class=\"attachment-large size-large wp-image-34432\" alt=\"\" srcset=\"https:\/\/muvhaz.orlaihaz.mezobereny.hu\/wp-content\/uploads\/sites\/2\/2024\/06\/IMG_20230918_190139-edited-1024x769.jpg 1024w, https:\/\/muvhaz.orlaihaz.mezobereny.hu\/wp-content\/uploads\/sites\/2\/2024\/06\/IMG_20230918_190139-edited-300x225.jpg 300w, https:\/\/muvhaz.orlaihaz.mezobereny.hu\/wp-content\/uploads\/sites\/2\/2024\/06\/IMG_20230918_190139-edited-768x577.jpg 768w, https:\/\/muvhaz.orlaihaz.mezobereny.hu\/wp-content\/uploads\/sites\/2\/2024\/06\/IMG_20230918_190139-edited-1536x1153.jpg 1536w, https:\/\/muvhaz.orlaihaz.mezobereny.hu\/wp-content\/uploads\/sites\/2\/2024\/06\/IMG_20230918_190139-edited.jpg 2006w\" sizes=\"(max-width: 1024px) 100vw, 1024px\" \/>\t\t\t\t\t\t\t\t\t\t\t\t\t<\/div>\n\t\t\t\t<\/div>\n\t\t\t\t<\/div>\n\t\t\t\t\t<\/div>\n\t\t\t\t<\/div>\n\t\t\t\t<\/div>\n\t\t","protected":false},"excerpt":{"rendered":"<p>Az Orlai Petrics Soma K\u00f6nyvt\u00e1r, Muze\u00e1lis Gy\u0171jtem\u00e9ny \u00e9s M\u0171vel\u0151d\u00e9si K\u00f6zpont t\u00f6bbfunkci\u00f3s, k\u00f6z\u00f6s ir\u00e1ny\u00edt\u00e1s\u00fa (komplex, \u00f6sszetett feladatrendszer\u0171) kultur\u00e1lis int\u00e9zm\u00e9ny. Az Orlai h\u00e1z (hivatalos r\u00f6vid\u00edtett nev\u00e9n) munkat\u00e1rsai \u00f6t \u00e9p\u00fcletben v\u00e9gzik feladataikat.&nbsp;Az int\u00e9zm\u00e9nyegys\u00e9gek [&hellip;]<\/p>\n","protected":false},"author":1,"featured_media":0,"parent":0,"menu_order":0,"comment_status":"closed","ping_status":"closed","template":"","meta":{"site-sidebar-layout":"no-sidebar","site-content-layout":"","ast-site-content-layout":"full-width-container","site-content-style":"default","site-sidebar-style":"default","ast-global-header-display":"","ast-banner-title-visibility":"","ast-main-header-display":"","ast-hfb-above-header-display":"","ast-hfb-below-header-display":"","ast-hfb-mobile-header-display":"","site-post-title":"disabled","ast-breadcrumbs-content":"","ast-featured-img":"disabled","footer-sml-layout":"","theme-transparent-header-meta":"","adv-header-id-meta":"","stick-header-meta":"","header-above-stick-meta":"","header-main-stick-meta":"","header-below-stick-meta":"","astra-migrate-meta-layouts":"default","ast-page-background-enabled":"default","ast-page-background-meta":{"desktop":{"background-color":"var(--ast-global-color-4)","background-image":"","background-repeat":"repeat","background-position":"center center","background-size":"auto","background-attachment":"scroll","background-type":"","background-media":"","overlay-type":"","overlay-color":"","overlay-opacity":"","overlay-gradient":""},"tablet":{"background-color":"","background-image":"","background-repeat":"repeat","background-position":"center center","background-size":"auto","background-attachment":"scroll","background-type":"","background-media":"","overlay-type":"","overlay-color":"","overlay-opacity":"","overlay-gradient":""},"mobile":{"background-color":"","background-image":"","background-repeat":"repeat","background-position":"center center","background-size":"auto","background-attachment":"scroll","background-type":"","background-media":"","overlay-type":"","overlay-color":"","overlay-opacity":"","overlay-gradient":""}},"ast-content-background-meta":{"desktop":{"background-color":"var(--ast-global-color-5)","background-image":"","background-repeat":"repeat","background-position":"center center","background-size":"auto","background-attachment":"scroll","background-type":"","background-media":"","overlay-type":"","overlay-color":"","overlay-opacity":"","overlay-gradient":""},"tablet":{"background-color":"var(--ast-global-color-5)","background-image":"","background-repeat":"repeat","background-position":"center center","background-size":"auto","background-attachment":"scroll","background-type":"","background-media":"","overlay-type":"","overlay-color":"","overlay-opacity":"","overlay-gradient":""},"mobile":{"background-color":"var(--ast-global-color-5)","background-image":"","background-repeat":"repeat","background-position":"center center","background-size":"auto","background-attachment":"scroll","background-type":"","background-media":"","overlay-type":"","overlay-color":"","overlay-opacity":"","overlay-gradient":""}},"ngg_post_thumbnail":0,"footnotes":""},"class_list":["post-7147","page","type-page","status-publish","hentry"],"_links":{"self":[{"href":"https:\/\/muvhaz.orlaihaz.mezobereny.hu\/index.php?rest_route=\/wp\/v2\/pages\/7147"}],"collection":[{"href":"https:\/\/muvhaz.orlaihaz.mezobereny.hu\/index.php?rest_route=\/wp\/v2\/pages"}],"about":[{"href":"https:\/\/muvhaz.orlaihaz.mezobereny.hu\/index.php?rest_route=\/wp\/v2\/types\/page"}],"author":[{"embeddable":true,"href":"https:\/\/muvhaz.orlaihaz.mezobereny.hu\/index.php?rest_route=\/wp\/v2\/users\/1"}],"replies":[{"embeddable":true,"href":"https:\/\/muvhaz.orlaihaz.mezobereny.hu\/index.php?rest_route=%2Fwp%2Fv2%2Fcomments&post=7147"}],"version-history":[{"count":10,"href":"https:\/\/muvhaz.orlaihaz.mezobereny.hu\/index.php?rest_route=\/wp\/v2\/pages\/7147\/revisions"}],"predecessor-version":[{"id":37643,"href":"https:\/\/muvhaz.orlaihaz.mezobereny.hu\/index.php?rest_route=\/wp\/v2\/pages\/7147\/revisions\/37643"}],"wp:attachment":[{"href":"https:\/\/muvhaz.orlaihaz.mezobereny.hu\/index.php?rest_route=%2Fwp%2Fv2%2Fmedia&parent=7147"}],"curies":[{"name":"wp","href":"https:\/\/api.w.org\/{rel}","templated":true}]}}